{"id":1003,"date":"2025-10-23T10:06:59","date_gmt":"2025-10-23T10:06:59","guid":{"rendered":"http:\/\/akademiorganizasyon.com\/?post_type=akpr_card&#038;p=1003"},"modified":"2025-10-23T13:39:14","modified_gmt":"2025-10-23T13:39:14","slug":"murat-dalkilic-kultur-yolu-festivali-tum-anlar-2","status":"publish","type":"akpr_card","link":"https:\/\/akademiorganizasyon.com\/tr\/pr\/murat-dalkilic-kultur-yolu-festivali-tum-anlar-2\/","title":{"rendered":"Murat dalk\u0131l\u0131\u00e7 K\u00fclt\u00fcr Yolu Festivali T\u00fcm Anlar  2"},"excerpt":{"rendered":"","protected":false},"featured_media":1012,"menu_order":12,"template":"","class_list":["post-1003","akpr_card","type-akpr_card","status-publish","has-post-thumbnail","hentry"],"_links":{"self":[{"href":"https:\/\/akademiorganizasyon.com\/tr\/wp-json\/wp\/v2\/akpr_card\/1003","targetHints":{"allow":["GET"]}}],"collection":[{"href":"https:\/\/akademiorganizasyon.com\/tr\/wp-json\/wp\/v2\/akpr_card"}],"about":[{"href":"https:\/\/akademiorganizasyon.com\/tr\/wp-json\/wp\/v2\/types\/akpr_card"}],"wp:featuredmedia":[{"embeddable":true,"href":"https:\/\/akademiorganizasyon.com\/tr\/wp-json\/wp\/v2\/media\/1012"}],"wp:attachment":[{"href":"https:\/\/akademiorganizasyon.com\/tr\/wp-json\/wp\/v2\/media?parent=1003"}],"curies":[{"name":"wp","href":"https:\/\/api.w.org\/{rel}","templated":true}]}}

Murat dalkılıç Kültür Yolu Festivali Tüm Anlar  2
